is the highest common factor of 82 and 29602?
82
Calculate the highest common factor of 6 and 138.
6
What is the greatest common divisor of 3302 and 26?
26
Calculate the greatest common factor of 135 and 225.
45
Calculate the highest common divisor of 144 and 9.
9
What is the highest common divisor of 22 and 2035?
11
Calculate the highest common divisor of 9 and 63.
9
What is the highest common divisor of 115 and 2875?
115
Calculate the greatest common factor of 184 and 424.
8
What is the highest common factor of 54 and 2?
2
What is the highest common divisor of 16705 and 5?
5
What is the highest common divisor of 1048 and 16?
8
What is the highest common divisor of 228 and 48?
12
What is the greatest common divisor of 139 and 1?
1
Calculate the highest common factor of 40 and 310.
10
What is the highest common divisor of 93 and 2139?
93
Calculate the greatest common divisor of 132 and 429.
33
Calculate the highest common divisor of 8 and 40.
8
Calculate the greatest common factor of 190 and 50.
10
What is the greatest common divisor of 8374 and 318?
106
What is the greatest common factor of 46 and 6118?
46
Calculate the highest common factor of 494 and 5396.
38
Calculate the greatest common divisor of 63 and 1197.
63
What is the highest common divisor of 825 and 264?
33
Calculate the greatest common factor of 249 and 3071.
83
Calculate the greatest common divisor of 79 and 20461.
79
Calculate the greatest common divisor of 40 and 32.
8
Calculate the highest common divisor of 962 and 52.
26
What is the greatest common factor of 301 and 387?
43
What is the highest common factor of 42 and 231?
21
Calculate the highest common divisor of 207 and 45.
9
What is the highest common factor of 50 and 450?
50
Calculate the greatest common factor of 2340 and 208.
52
Calculate the greatest common factor of 108 and 232.
4
What is the greatest common divisor of 13 and 4394?
13
What is the highest common factor of 21066 and 6?
6
Calculate the highest common factor of 2552 and 1056.
88
Calculate the greatest common divisor of 63 and 42399.
63
Calculate the highest common factor of 629 and 459.
17
What is the greatest common factor of 141 and 376?
47
Calculate the greatest common factor of 18 and 27.
9
Calculate the greatest common factor of 36972 and 26.
26
Calculate the highest common divisor of 1050 and 14.
14
What is the greatest common factor of 1743 and 332?
83
Calculate the greatest common divisor of 570 and 30.
30
What is the highest common factor of 16 and 124?
4
Calculate the highest common factor of 2175 and 348.
87
What is the greatest common factor of 493 and 17?
17
Calculate the greatest common factor of 756 and 1701.
189
Calculate the greatest common factor of 687 and 12137.
229
Calculate the highest common divisor of 6177 and 1044.
87
Calculate the highest common factor of 20 and 268.
4
Calculate the greatest common factor of 62 and 837.
31
Calculate the highest common factor of 611 and 91.
13
What is the greatest common factor of 38 and 437?
19
Calculate the highest common factor of 660 and 33.
33
Calculate the highest common divisor of 36 and 522.
18
Calculate the greatest common factor of 27 and 17.
1
What is the greatest common divisor of 1914 and 462?
66
Calculate the highest common divisor of 1116 and 252.
36
What is the highest common divisor of 732 and 72?
12
What is the greatest common divisor of 147 and 196?
49
Calculate the greatest common divisor of 856 and 40.
8
Calculate the greatest common divisor of 24 and 21288.
24
What is the highest common factor of 1137 and 3?
3
Calculate the highest common factor of 576 and 1908.
36
What is the greatest common factor of 25 and 17?
1
What is the greatest common factor of 20 and 35?
5
What is the highest common factor of 380 and 20?
20
What is the highest common factor of 513 and 304?
19
What is the highest common factor of 169 and 52?
13
Calculate the highest common factor of 24 and 584.
8
Calculate the highest common divisor of 111 and 66.
3
Calculate the highest common divisor of 308 and 1771.
77
Calculate the highest common factor of 11 and 30228.
11
What is the greatest common factor of 4 and 1146?
2
What is the highest common divisor of 2 and 914?
2
What is the highest common factor of 1767 and 171?
57
What is the greatest common factor of 40 and 280?
40
What is the highest common factor of 160 and 1376?
32
What is the greatest common divisor of 9981 and 9?
9
Calculate the highest common divisor of 5 and 9.
1
What is the greatest common factor of 24 and 7608?
24
Calculate the highest common divisor of 8 and 320.
8
What is the greatest common divisor of 800 and 80?
80
What is the greatest common factor of 5824 and 56?
56
What is the highest common divisor of 6281 and 11?
11
Calculate the highest common factor of 29 and 29.
29
Calculate the highest common divisor of 1441 and 3275.
131
What is the greatest common divisor of 2335 and 5?
5
What is the greatest common divisor of 390 and 15795?
195
What is the greatest common factor of 5019 and 42?
21
Calculate the greatest common divisor of 760 and 168.
8
Calculate the greatest common divisor of 87 and 507.
3
What is the highest common factor of 12 and 276?
12
What is the highest common divisor of 4898 and 2054?
158
What is the highest common factor of 178 and 12?
2
What is the greatest common divisor of 24 and 24?
24
What is the highest common divisor of 75 and 120?
15
What is the highest common factor of 42642 and 414?
414
What is the highest common divisor of 700 and 200?
100
Calculate the greatest common factor of 21 and 13692.
21
What is the greatest common divisor of 1113 and 21?
21
What is the highest common factor of 225 and 925?
25
What is the highest common factor of 69 and 207?
69
What is the highest common divisor of 615 and 164?
41
What is the greatest common factor of 45 and 18?
9
Calculate the highest common divisor of 783 and 108.
27
What is the greatest common divisor of 7 and 2898?
7
What is the highest common divisor of 805 and 460?
115
What is the greatest common divisor of 9 and 633?
3
Calculate the highest common factor of 1196 and 364.
52
Calculate the greatest common divisor of 63 and 27.
9
Calculate the highest common divisor of 475 and 171.
19
Calculate the greatest common divisor of 520 and 832.
104
What is the highest common divisor of 7360 and 552?
184
Calculate the greatest common divisor of 136 and 1292.
68
Calculate the highest common factor of 185 and 3589.
37
Calculate the highest common divisor of 156 and 195.
39
Calculate the highest common factor of 348 and 12.
12
Calculate the highest common divisor of 8 and 136.
8
What is the greatest common divisor of 112 and 1974?
14
Calculate the highest common divisor of 735 and 70.
35
Calculate the highest common factor of 77 and 2387.
77
What is the highest common factor of 1 and 341?
1
What is the highest common divisor of 572 and 30602?
286
Calculate the highest common factor of 29 and 319.
29
Calculate the highest common factor of 8150 and 25.
25
What is the greatest common divisor of 85 and 270?
5
What is the highest common divisor of 3322 and 176?
22
What is the highest common factor of 55 and 7040?
55
Calculate the greatest common factor of 4 and 856.
4
What is the greatest common divisor of 38 and 12198?
38
What is the greatest common factor of 125 and 20000?
125
What is the greatest common factor of 3835 and 195?
65
What is the greatest common divisor of 32 and 36?
4
What is the highest common factor of 110 and 1485?
55
Calculate the greatest common divisor of 480 and 30.
30
What is the greatest common divisor of 36 and 12?
12
What is the greatest common factor of 105088 and 128?
128
Calculate the greatest common factor of 21 and 6867.
21
Calculate the greatest common factor of 364 and 52.
52
What is the greatest common factor of 705 and 4512?
141
What is the greatest common divisor of 1768 and 520?
104
Calculate the highest common factor of 109 and 763.
109
Calculate the highest common divisor of 9 and 63.
9
What is the greatest common divisor of 140 and 40?
20
What is the greatest common divisor of 8 and 184?
8
What is the highest common factor of 10 and 190?
10
What is the greatest common divisor of 18 and 14481?
9
What is the greatest common factor 